a be (v/(-5) - -2)*-30. Suppose 4*r - 154 + 10 = 0. What is the highest common factor of r and a?
12
Let y(i) = i**3 - 6*i**2 - i + 8. Let q be y(6). Let z be -7*(-2 + -16)/q. What is the greatest common factor of z and 7?
7
Let s be (-55)/(((-6)/(-4))/(-3)). Suppose 270 = 4*c - 2*d - s, 360 = 4*c + 3*d. Let h = c - 5. What is the greatest common divisor of 8 and h?
8
Let x(i) = 34*i**2 - 4*i - 3. Let p be x(-1). Calculate the greatest common divisor of p and 105.
35
Let h(r) = 1 + 0*r - r + 3*r**2 + 5*r. Let t be h(-5). Let m = -6 + 13. What is the greatest common divisor of t and m?
7
Suppose 3 = t - 9. Let r(y) = 8*y**2 + 2*y - 12. Let f be r(-4). Calculate the greatest common factor of f and t.
12
Let z = 25 - 20. Let w be (-1 - 0) + 1 + 2. Suppose 4*u - 40 = -4*l, -w*u - 4*l = -l - 20. Calculate the greatest common divisor of u and z.
5
Let j = -233 - -129. Let x = -13 - j. What is the greatest common factor of 13 and x?
13
Let s(g) = -g**3 - 3*g**2 - g - 5. Let u be s(-5). Suppose z + u = 6*z. Suppose 5*h = 7*h - 140. Calculate the highest common divisor of h and z.
10
Suppose -5*w + 1671 = 2*p, -6*w + w - 3*p + 1674 = 0. Suppose 3*l = w - 108. What is the highest common divisor of 30 and l?
15
Let a = 9 - 4. Let c(v) = -2 - v**3 + 5*v**2 + a - 4*v + 0. Let b be c(4). What is the highest common factor of b and 33?
3
Let d = 137 - -28. What is the greatest common divisor of 33 and d?
33
Suppose 15 = 4*i - 3*i. What is the highest common divisor of 15 and i?
15
Let s(j) = -32*j - 7. Let d be s(-5). Calculate the greatest common factor of d and 51.
51
Let k(f) = f**2 - 2*f - 8. Let l be k(-6). Let o be (-4)/3 - 124/(-12). Let a be ((-4)/(-10))/(o/225). Calculate the greatest common divisor of a and l.
10
Suppose 0 = -4*c - 1 + 9. Calculate the highest common factor of 8 and c.
2
Suppose -5*j + 15 = -10, 3*y - 269 = 5*j. Let f = 3 + -45. Let g = f + y. Calculate the greatest common factor of 7 and g.
7
Let a = 56 - -74. Suppose 0 = -2*j - t - 0*t + a, 5*t + 274 = 4*j. Suppose -2*x + j = x. What is the highest common factor of 66 and x?
22
Let u be (-1)/(-7) - 1480/(-28). Calculate the greatest common divisor of u and 424.
53
Let l = 10 - 0. Let s(n) = -2*n**3 - 3*n**2 - 5*n - 2. Let a be s(-3). What is the greatest common factor of a and l?
10
Let o = 1 - -1. Let u be 179/4 + o/8. Let p be 52/6 - (-3)/9. What is the highest common divisor of u and p?
9
Let f = -9 - -19. Calculate the highest common divisor of 50 and f.
10
Suppose -22 = -2*x + 4. Let j = 53 - x. Calculate the highest common divisor of 10 and j.
10
Suppose -r = -6*r + 5. Let h be 3/r + (2 - 2). Suppose 0 = 2*v + 5 + 5, -h*m = 2*v - 68. Calculate the greatest common divisor of m and 65.
13
Suppose 3*k = k + 128. Let u(m) = m**3 - 6*m**2 - 8*m - 8. Let n be u(8). Suppose -8 = -4*l + n. What is the greatest common divisor of l and k?
16
Let y be (-144)/(-14) + 6/(-21). Let c = 0 + y. Calculate the highest common divisor of c and 20.
10
Let s = 332 - 188. Let c = 28 - 10. Calculate the highest common factor of s and c.
18
Suppose -v + 3*p = -0 + 26, 3*v + 5*p + 22 = 0. Let t = -10 - v. What is the greatest common divisor of 4 and t?
4
Suppose -3*m + 28 = 5*t, -3*m = -6*t + 3*t - 60. What is the greatest common factor of 2 and m?
2
Let u be (-2 + 4)/(2 + 88/(-48)). Suppose -1 = -4*l + 5*n + 2, n - 5 = -2*l. Suppose -a + 6 = l. What is the highest common divisor of u and a?
4
Suppose 2*n - 199 + 57 = 0. Let p be (-9)/(-15) - (-3)/(-5). Suppose 3*c = 5*f - p*c - 183, n = 2*f + c. What is the highest common factor of f and 4?
4
Let w = 2 - 0. Suppose 11 = w*s - 13. Let o = 72 + -42. What is the greatest common divisor of o and s?
6
Suppose 4*v = 2*v + 242. What is the greatest common divisor of v and 11?
11
Let u = -15 - -27. What is the greatest common factor of 24 and u?
12
Let n be (-3 - (-6 - -3)) + 125. What is the greatest common factor of 25 and n?
25
Let d be 40/(-25)*-5*1. Suppose 3*p + 2 = d. Suppose 14 = p*z - 2. Calculate the highest common factor of 16 and z.
8
Let n(s) = -19*s - 42. Let q be n(-6). Let t(o) = -5*o - 1. Let f be t(-1). Suppose 26 = f*b - 3*g, g = 3 - 1. What is the greatest common factor of b and q?
8
Let z be 2 + 9*(-1 - -2). Let j = 268 - 191. Calculate the highest common divisor of j and z.
11
Suppose -3*j + 140 = -100. What is the highest common divisor of 10 and j?
10
Let s = 87 + -17. Suppose 2 = 2*p - s. Calculate the highest common divisor of 12 and p.
12
Suppose -150 = l + 2*a, -l - 229 + 79 = 3*a. Let n = l + 330. What is the highest common divisor of n and 18?
18
Suppose 3*k = 2*k + 1. Let c = -53 + 8. Let n be (k + (-7)/3)*c. Calculate the greatest common divisor of 24 and n.
12
Suppose 5*m - 25 = -10. Calculate the greatest common divisor of m and 2.
1
Suppose 0 = -4*c - 9 + 93. Suppose 0*q - 2*q + 84 = 0. What is the greatest common divisor of q and c?
21
Suppose 3*b = 12, 3*y + b - 12 = 7*y. Let f = 0 - y. Let o be (3*10/3)/f. What is the greatest common divisor of o and 15?
5
Let o(w) = -w + 1. Let l be o(-5). Let k(b) = -6*b - 3. Let j be k(-3). What is the greatest common factor of l and j?
3
Suppose 5*v + v = 240. Calculate the greatest common divisor of 8 and v.
8
Let x = -137 - -229. Let y = 164 - x. Suppose -2*w + 0*o = -3*o - 36, -o = -4*w + y. What is the greatest common divisor of 2 and w?
2
Let g be ((-4)/(-6))/(((-56)/180)/(-14)). Calculate the highest common divisor of g and 330.
30
Let o = -1 + 8. Let n be 828/42 - (-2)/o. Suppose 2*l - 8 + 24 = 3*x, -2*l + n = 3*x. What is the greatest common divisor of 42 and x?
6
Let z = 108 - 23. Suppose 0 = -m + z + 3. What is the greatest common factor of m and 11?
11
Suppose 2*p + 166 = 2*m, m + 152 = 3*m + 5*p. What is the greatest common divisor of m and 9?
9
Suppose b - 19 = -b + 3*t, -2*t = b - 20. Calculate the greatest common factor of 2 and b.
2
Suppose 5*o = 5*t - 3*t + 13, -t - o = 3. Let s be t*(-2)/((-12)/(-15)). Suppose -2*a = -105 - 115. What is the greatest common factor of a and s?
10
Let h(r) = -r + 10. Let z be h(5). Calculate the greatest common divisor of z and 5.
5
Suppose 2*b - 68 = 152. Calculate the greatest common factor of 44 and b.
22
Let p(v) = 37*v**2 + 4*v + 3. Let f be p(-2). What is the highest common divisor of 13 and f?
13
Suppose 5*c - 4*a - 15 = a, 0 = -4*c + a + 24. Calculate the highest common factor of 7 and c.
7
Suppose -j - j = -66. What is the highest common divisor of j and 22?
11
Let f be (-3)/(-2 + 141/72). Calculate the highest common factor of f and 18.
18
Let f be ((-11)/3 - -5)/(3/54). What is the greatest common factor of 264 and f?
24
Let k(b) = b**2 - b + 1. Let v be k(2). Suppose -4*z - u + 102 = 2*u, 4*z - 110 = u. Calculate the greatest common factor of v and z.
3
Let o be ((-8)/4)/(4 + (-762)/189). Calculate the greatest common divisor of 14 and o.
7
Let n = 22 - 10. Suppose 3*p - 24 = n. Calculate the highest common divisor of 6 and p.
6
Suppose 4*q = -q. Suppose a + r = 16, q*r - 3*r - 48 = -3*a. What is the greatest common factor of a and 40?
8
Let x = 1 - -31. Suppose 3*v + 35 = 8*v. Suppose -32 = -v*w + 3*w. What is the highest common divisor of x and w?
8
Suppose 0 = -3*m - 2*m + 1520. Suppose 5*k = f + m, 3*f + 193 = 5*k - 119. Calculate the highest common divisor of k and 24.
12
Let a be 9/6*8/(-4). Let z = 7 + a. Suppose -5*s + 105 = z*r, 6*s = 4*r + s - 55. What is the greatest common factor of r and 4?
4
Let y be 4/10 + (-20)/50. Suppose 3*p + 19 - 136 = y. Let i(w) = 5*w - 4. Let x be i(6). Calculate the highest common factor of x and p.
13
Suppose -3*r = -3, -q = r - 4*r - 25. What is the greatest common factor of q and 28?
28
Let x = -3 - -4. Suppose -7 = -g - x. What is the greatest common divisor of g and 30?
6
Let p(w) = w - 7. Let x be p(3). Let s be (0 + x)/((-2)/8). What is the highest common divisor of s and 112?
16
Let p = -3 + 7. Suppose 5*n = 11 + p. Suppose 21 = 4*q - n*q. Calculate the greatest common divisor of q and 7.
7
Let n(o) = o**2 + 6*o + 5. Let c be n(-5). Suppose -5*g + c*g = -60. Let k be -1 + 2 + -2 + g. What is the highest common divisor of k and 77?
11
Suppose -62 = 3*u + 3*i + 190, -316 = 4*u - i. Let q be (1 + -2)/((-1)/u). Let h be (-14)/(-4)*q/(-28). What is the greatest common diviso